{"id":31,"date":"2010-08-17T08:26:59","date_gmt":"2010-08-17T08:26:59","guid":{"rendered":"http:\/\/localhost\/reichshof\/?page_id=31"},"modified":"2024-05-22T13:37:05","modified_gmt":"2024-05-22T12:37:05","slug":"home","status":"publish","type":"page","link":"https:\/\/reichshofratsakten.de\/","title":{"rendered":"Willkommen bei Reichshofratsakten.de"},"content":{"rendered":"<p>Ein Erschlie\u00dfungsprojekt der Nieders\u00e4chsischen Akademie der Wissenschaften zu G\u00f6ttingen in Zusammenarbeit mit dem \u00d6sterreichischen Staatsarchiv und der Universit\u00e4t Wien stellt sich vor.<\/p>\n<hr \/>\n<table class=\"aligncenter\" style=\"vertical-align: middle;\" border=\"0\" align=\"center\">\n<tbody>\n<tr>\n<td><a href=\"https:\/\/www.oesta.gv.at\/\" target=\"_blank\"><img loading=\"lazy\" decoding=\"async\" class=\"alignnone size-full wp-image-59\" title=\"logo2\" src=\"https:\/\/reichshofratsakten.de\/wp-content\/uploads\/2010\/08\/logo2.jpg\" alt=\"\" width=\"190\" height=\"40\" \/><\/a><\/td>\n<td><a href=\"https:\/\/www.uni-goettingen.de\/de\/10150.html\" target=\"_blank\"><img loading=\"lazy\" decoding=\"async\" class=\"alignnone size-full wp-image-373\" style=\"margin-left: 20px; margin-right: 20px;\" title=\"aka_bab\" src=\"https:\/\/reichshofratsakten.de\/wp-content\/uploads\/2010\/09\/aka_text.jpg\" alt=\"\" width=\"122\" height=\"180\" \/><\/a><\/td>\n<td><a href=\"https:\/\/www.oeaw.ac.at\/\" target=\"_blank\"><img loading=\"lazy\" decoding=\"async\" class=\"alignnone size-full wp-image-60\" title=\"logo3\" src=\"https:\/\/reichshofratsakten.de\/wp-content\/uploads\/2010\/08\/logo3.jpg\" alt=\"\" width=\"99\" height=\"95\" \/><\/a><\/td>\n<\/tr>\n<\/tbody>\n<\/table>\n<p style=\"text-align: center;\"><a href=\"https:\/\/reichshofratsakten.de\/wp-content\/uploads\/2010\/11\/The-Files-of-the-Imperial-Aulic-Council.pdf\" target=\"_blank\">For a short English Presentation please click here.<\/a><\/p>\n","protected":false},"excerpt":{"rendered":"<p>Ein Erschlie\u00dfungsprojekt der Nieders\u00e4chsischen Akademie der Wissenschaften zu G\u00f6ttingen in Zusammenarbeit mit dem \u00d6sterreichischen Staatsarchiv und der Universit\u00e4t Wien stellt sich vor. For a short English Presentation please click here.<\/p>\n","protected":false},"author":1,"featured_media":0,"parent":0,"menu_order":0,"comment_status":"closed","ping_status":"closed","template":"","meta":{"footnotes":""},"class_list":["post-31","page","type-page","status-publish","hentry"],"_links":{"self":[{"href":"https:\/\/reichshofratsakten.de\/index.php?rest_route=\/wp\/v2\/pages\/31"}],"collection":[{"href":"https:\/\/reichshofratsakten.de\/index.php?rest_route=\/wp\/v2\/pages"}],"about":[{"href":"https:\/\/reichshofratsakten.de\/index.php?rest_route=\/wp\/v2\/types\/page"}],"author":[{"embeddable":true,"href":"https:\/\/reichshofratsakten.de\/index.php?rest_route=\/wp\/v2\/users\/1"}],"replies":[{"embeddable":true,"href":"https:\/\/reichshofratsakten.de\/index.php?rest_route=%2Fwp%2Fv2%2Fcomments&post=31"}],"version-history":[{"count":62,"href":"https:\/\/reichshofratsakten.de\/index.php?rest_route=\/wp\/v2\/pages\/31\/revisions"}],"predecessor-version":[{"id":2234,"href":"https:\/\/reichshofratsakten.de\/index.php?rest_route=\/wp\/v2\/pages\/31\/revisions\/2234"}],"wp:attachment":[{"href":"https:\/\/reichshofratsakten.de\/index.php?rest_route=%2Fwp%2Fv2%2Fmedia&parent=31"}],"curies":[{"name":"wp","href":"https:\/\/api.w.org\/{rel}","templated":true}]}}